425
In base 8, what is 1564 - -753?
2537
In base 10, what is -209764 - -3?
-209761
In base 3, what is 1001020 - 112220?
111100
In base 4, what is -220202 - 32?
-220300
In base 15, what is 4448 + 5?
444d
In base 5, what is -23133 - -10?
-23123
In base 2, what is -1 - 1111001100010000?
-1111001100010001
In base 6, what is 3323314 - -1?
3323315
In base 15, what is -819a - 2?
-819c
In base 16, what is -1e + 56c?
54e
In base 7, what is -1 - 63215?
-63216
In base 12, what is -108 + -5a2?
-6aa
In base 4, what is -210 - 3121?
-3331
In base 8, what is 4551551 + 4?
4551555
In base 12, what is 13 - -24988?
2499b
In base 15, what is d - a78?
-a6a
In base 2, what is -1100100 + -101101111?
-111010011
In base 12, what is 1b19 - -132?
204b
In base 7, what is 4 + 323320?
323324
In base 3, what is 10210012 + 101?
10210120
In base 3, what is 210111 - -1021?
211202
In base 13, what is -15609a + -4?
-1560a1
In base 5, what is 12430 - 44?
12331
In base 7, what is 212 + 1436?
1651
In base 3, what is 111010011 - -11?
111010022
In base 14, what is 9 - -179?
184
In base 13, what is -2 - b77?
-b79
In base 12, what is -1 - -141101?
141100
In base 6, what is 10 - 23230032?
-23230022
In base 9, what is -6805 - -15?
-6780
In base 12, what is -37 + -432?
-469
In base 8, what is -2223 - -146?
-2055
In base 9, what is 3270278 + -2?
3270276
In base 12, what is -3 - -1096?
1093
In base 13, what is -22a2 + 0?
-22a2
In base 5, what is 2011 - 44?
1412
In base 10, what is 386 + -81?
305
In base 14, what is -8 + 4b36?
4b2c
In base 9, what is 3 - -314167?
314171
In base 15, what is 14 - -4cb3?
4cc7
In base 10, what is 0 + 347073?
347073
In base 6, what is 20423 + -31?
20352
In base 11, what is 71 - -945?
a06
In base 8, what is 7626201 + -5?
7626174
In base 6, what is 2 + 1241244?
1241250
In base 14, what is 9887 + 2?
9889
In base 13, what is -27c3b + -2?
-27c40
In base 10, what is -173 + 27?
-146
In base 7, what is 1144211 - -5?
1144216
In base 12, what is -3 + 3a92b?
3a928
In base 6, what is -1550205 - 0?
-1550205
In base 9, what is 38 - 1175?
-1136
In base 14, what is -1419 + -1c?
-1437
In base 13, what is -1569 + -5?
-1571
In base 13, what is -7 - 12b9?
-12c3
In base 13, what is -b151 + -3?
-b154
In base 7, what is -4 + -43453?
-43460
In base 6, what is 2331 + -42?
2245
In base 5, what is 0 + 1314034?
1314034
In base 2, what is 10000 + -10010011011?
-10010001011
In base 6, what is -13030 + 124?
-12502
In base 7, what is -1100 + 14016?
12616
In base 9, what is 6 + 7106?
7113
In base 14, what is 1 - -2c57?
2c58
In base 12, what is 48 + 6373?
63bb
In base 13, what is -5 + 99b8a?
99b85
In base 3, what is -12 - 11122212?
-11200001
In base 6, what is 2522 + -300?
2222
In base 13, what is -1 + -bb3?
-bb4
In base 5, what is 40044 + -21?
40023
In base 4, what is 12 + -3023331?
-3023313
In base 9, what is -4730 + -4?
-4734
In base 7, what is -11253 + -121?
-11404
In base 13, what is 22c + 4858?
4a87
In base 7, what is 26263 + -5?
26255
In base 9, what is -1628 + 45?
-1573
In base 15, what is -55b2 + -7?
-55b9
In base 13, what is 3 + -8a0b8?
-8a0b5
In base 7, what is -56 + -510?
-566
In base 9, what is 445 - 2154?
-1608
In base 4, what is -11133 + -1200?
-12333
In base 13, what is 8 - -5c93?
5c9b
In base 15, what is -d - -3bc6?
3bb8
In base 3, what is -110 + 10000202210?
10000202100
In base 7, what is -116641 - 103?
-120044
In base 8, what is 0 + 141774?
141774
In base 15, what is 0 + 8d12c?
8d12c
In base 13, what is 206c4 - -30?
20724
In base 5, what is -311 + -30004?
-30320
In base 2, what is -100111010101001100111 - -1?
-100111010101001100110
In base 15, what is -b - 25b4?
-25c0
In base 6, what is -3 - 14401?
-14404
In base 9, what is 17738 - 20?
17718
In base 4, what is 10013 - -30233?
100312
In base 10, what is 155434 - -1?
155435
In base 2, what is -1000 - 1101011001101?
-1101011010101
In base 9, what is 2480228 + -3?
2480225
In base 3, what is -122110101010 - 12?
-122110101022
In base 13, what is 4 - -147471?
147475
In base 12, what is 1a0 - 30a?
-12a
In base 16, what is -79a - -4?
-796
In base 11, what is 0 - -697?
697
In base 7, what is -2041 + 244?
-1464
In base 12, what is 3651 + 45?
3696
In base 11, what is -13 - -45291?
45279
In base 8, what is 376 - 3571?
-3173
In base 12, what is -41aa944 - 3?
-41aa947
In base 9, what is 5 + 707202?
707207
In base 13, what is 59 - 301?
-275
In base 6, what is 43254023 - 3?
43254020
In base 3, what is 10020211212100 - 11?
10020211212012
In base 10, what is 7 + 18523?
18530
In base 10, what is -12 - 4736?
-4748
In base 10, what is 7 + 3000?
3007
In base 13, what is -36 + -1298?
-1301
In base 9, what is -23765 - 18?
-23784
In base 14, what is -c - -290d?
2901
In base 14, what is -5 - 25550b?
-255512
In base 5, what is 130 - -1013?
1143
In base 13, what is -9ba69 + -8?
-9ba74
In base 10, what is -4 + 25667?
25663
In base 7, what is -5 - -5510?
5502
In base 5, what is -20131 + -3421?
-24102
In base 12, what is 3a - -6623?
6661
In base 16, what is 8 + da90?
da98
In base 10, what is 203 - -364?
567
In base 11, what is -2600850 + 2?
-2600849
In base 9, what is -2028570 + -5?
-2028575
In base 15, what is e - -6a8?
6b7
In base 5, what is 2143 + -1121?
1022
In base 12, what is 65 + 176?
21b
In base 5, what is -330 - 4001?
-4331
In base 8, what is 5 - -13373?
13400
In base 13, what is 12 + 3552?
3564
In base 13, what is -186 + 60?
-126
In base 8, what is 60132 - -4?
60136
In base 2, what is -100 - 11100100000111101?
-11100100001000001
In base 8, what is -1 - -120625?
120624
In base 2, what is 1 + -10010110010010010001?
-10010110010010010000
In base 13, what is 12 - -922?
934
In base 10, what is 2 - -209413?
209415
In base 9, what is 12747 - -4?
12752
In base 12, what is 384 - -10a5?
1469
In base 7, what is -350 - -2402?
2022
In base 2, what is -1001 - 111001000?
-111010001
In base 15, what is 22e38 - 9?
22e2e
In base 9, what is 4 + 13674?
13678
In base 8, what is 17734351 - 1?
17734350
In base 6, what is -2535 + -1035?
-4014
In base 2, what is 10010011011001010 + 11?
10010011011001101
In base 14, what is -88b47 + -6?
-88b4d
In base 6, what is -15114 - 1?
-15115
In base 4, what is 130020 + 110023?
300103
In base 14, what is 2 - -34d1a?
34d1c
In base 3, what is 100 - -1122112?
1122212
In base 4, what is -3 + 100201322?
100201313
In base 3, what is -20 - 111201122000?
-111201122020
In base 10, what is 4 - -5198?
5202
In base 10, what is -112868 - -6?
-112862
In base 13, what is 1 + 110?
111
In base 14, what is -2453 + -2a?
-247d
In base 4, what is 122010322 - -20?
122011002
In base 9, what is 773 - -78?
862
In base 4, what is 1123 + -10010?
-2221
In base 9, what is -1 + 711126?
711125
In base 15, what is -222 - 36?
-258
In base 6, what is 10 - 1523?
-1513
In base 5, what is -121411 - 2?
-121413
In base 4, what is -3302321 - -11?
-3302310
In base 9, what is 8838 - 2?
8836
In base 16, what is 13 + 6e?
81
In base 13, what is 6aa0 - -6?
6aa6
In base 14, what is c41a - -4?
c420
In base 7, what is 2 - 500651?
-500646
In base 16, what is -5722 - b?
-572d
In base 11, what is 36321 - 6?
36316
In base 5, what is -440103 - -14?
-440034
In base 15, what is -1 + 3dbcc?
3dbcb
In base 11, what is 110 + 553?
663
In base 14, what is -64 + 2194?
2130
In base 5, what is -122441102 - 1?
-122441103
In base 16, what is 3 + 325f?
3262
In base 5, what is -12 + -23101?
-23113
In base 16, what is 9 - -27?
30
In base 10, what is 1 - -6205?
6206
In base 4, what is -10 - 111031001?
-111031011
In base 14, what is -8 - 109d2?
-109da
In base 8, what is 17553 + 1010?
20563
In base 4, what is -1221103311 - -3?
-1221103302
In base 7, what is 3 + 64463?
64466
In base 12, what is 260 + 24?
284
In base 14, what is 37c - -39?
3b7
In base 11, what is 591 - 3a?
552
In base 14, what is 3358 + -a?
334c
In base 8, what is 2072 + 3205?
5277
In base 4, what is -23002 - 11?
-23013
In base 2, what is 10000110010011011 - 101?
10000110010010110
In base 3, what is -212201022 - 1?
-212201100
In base 14, what is 49110 + -6?
49108
In base 7, what is -225 + -1112?
-1340
In base 5, what is 21012022 + -11?
21012011
In base 9, what is 252585 - 7?
252577
In base 4, what is -23 - -1123130?
1123101
In base 7, what is 4334331 + 5?
4334336
In base 16, what is 0 + -1ccfa?
-1ccfa
In base 3, what is 1000122100 + 1?
100